{"id":243,"date":"2022-09-06T10:32:39","date_gmt":"2022-09-05T23:32:39","guid":{"rendered":"http:\/\/pacte-grand-sud.nc\/ccce\/?page_id=243"},"modified":"2025-01-10T09:33:36","modified_gmt":"2025-01-09T22:33:36","slug":"une-vision-autochtone-de-lenvironnement","status":"publish","type":"page","link":"https:\/\/pacte-grand-sud.nc\/ccce\/presentation\/une-vision-autochtone-de-lenvironnement\/","title":{"rendered":"Une vision autochtone de l&rsquo;environnement"},"content":{"rendered":"<div class=\"gb-container gb-container-9fabc5d5\"><div class=\"gb-inside-container\">\n<div class=\"gb-container gb-container-ef631ec3\"><div class=\"gb-inside-container\">\n\n<h1 class=\"gb-headline gb-headline-c1b11667 gb-headline-text\">Une <br>vision autochtone <br>de l&rsquo;environnement<br><\/h1>\n\n<\/div><\/div>\n<\/div><\/div>\n\n<div class=\"gb-container gb-container-686afdd3\"><div class=\"gb-inside-container\">\n<div class=\"gb-grid-wrapper gb-grid-wrapper-d8315cfb\">\n<div class=\"gb-grid-column gb-grid-column-d0a4b3e5\"><div class=\"gb-container gb-container-d0a4b3e5\"><a class=\"gb-container-link\" href=\"\/ccce\/presentation\/une-vision-autochtone-de-lenvironnement\/\"><\/a><div class=\"gb-inside-container\">\n\n<p class=\"gb-headline gb-headline-a822a0f4 gb-headline-text\">Une vision <strong>autochtone <\/strong><br>de l&rsquo;environnement<\/p>\n\n<\/div><\/div><\/div>\n\n<div class=\"gb-grid-column gb-grid-column-f3a1e8aa\"><div class=\"gb-container gb-container-f3a1e8aa\"><a class=\"gb-container-link\" href=\"\/ccce\/presentation\/nos-missions-dans-laire-drubea-kapume\/\"><\/a><div class=\"gb-inside-container\">\n\n<p class=\"gb-headline gb-headline-b5704be9 gb-headline-text\">Nos <strong>missions <\/strong><br>dans l&rsquo;aire Drub\u00e9a-Kapum\u00e9<\/p>\n\n<\/div><\/div><\/div>\n\n<div class=\"gb-grid-column gb-grid-column-42d6b73d\"><div class=\"gb-container gb-container-42d6b73d\"><a class=\"gb-container-link\" href=\"https:\/\/pacte-grand-sud.nc\/ccce\/presentation\/notre-gouvernance\/\"><\/a><div class=\"gb-inside-container\">\n\n<p class=\"gb-headline gb-headline-9412dddd gb-headline-text\">Notre <br><strong>gouvernance<\/strong><\/p>\n\n<\/div><\/div><\/div>\n<\/div>\n<\/div><\/div>\n\n<div class=\"gb-container gb-container-9c99a6f4\"><div class=\"gb-inside-container\">\n\n<h2 class=\"gb-headline gb-headline-6162227d gb-headline-text underlined_title\">Une vision <strong>autochtone <\/strong>de l&rsquo;environnement<\/h2>\n\n\n\n<p class=\"has-text-align-center text-align-justify has-contrast-2-color has-text-color\">Le Comit\u00e9 Consultatif Coutumier Environnemental (ci-apr\u00e8s CCCE) est une association de loi 1901 cr\u00e9\u00e9e le 29 octobre 2009 dans le cadre du Pacte pour un d\u00e9veloppement durable du Grand Sud, sign\u00e9 entre la soci\u00e9t\u00e9 Goro Nickel (d\u00e9sormais Prony Resources New Caledonia), les chefferies coutumi\u00e8res du Grand Sud, et le Comit\u00e9 Rh\u00e9\u00e9b\u00f9 N\u00f9\u00f9. Le Pacte est un outil inspir\u00e9 de l\u2019article 32 de la D\u00e9claration des Nations Unies sur les Droits des Peuples Autochtones et devant favoriser le dialogue, la concertation et l\u2019action dans une logique de partenariat entre l\u2019industriel et la population kanak. Il a aussi pour objet de compenser les impacts socioculturels de la mine et l\u2019usine de Prony. La cr\u00e9ation du CCCE a eu pour objet de permettre une participation au suivi environnemental de l\u2019usine et de la mine de Prony, dans le Grand-sud, en constituant un interm\u00e9diaire fiable et bien inform\u00e9 entre l\u2019op\u00e9rateur industriel et la population kanak. Il garantit dans ce cadre la participation des instances coutumi\u00e8res au suivi environnemental, notamment \u00e0 travers des avis \u00e9mis par le Comit\u00e9 sur la base des connaissances traditionnelles et des us et coutumes de la soci\u00e9t\u00e9 kanak.<\/p>\n\n\n\n<h2 class=\"gb-headline gb-headline-cdeec486 gb-headline-text\">Le CCCE a <mark style=\"background-color:rgba(0, 0, 0, 0)\" class=\"has-inline-color has-accent-color\">quatre <\/mark>objectifs bien distincts<\/h2>\n\n\n<div class=\"gb-grid-wrapper gb-grid-wrapper-fd823f00\">\n<div class=\"gb-grid-column gb-grid-column-fe62e72d\"><div class=\"gb-container gb-container-fe62e72d picto_container\"><div class=\"gb-inside-container\">\n\n<figure class=\"gb-block-image gb-block-image-9e798ecf\"><img loading=\"lazy\" decoding=\"async\" width=\"100\" height=\"100\" class=\"gb-image gb-image-9e798ecf\" src=\"https:\/\/pacte-grand-sud.nc\/ccce\/wp-content\/uploads\/2022\/09\/Information_environnementale_vert.png\" alt=\"\" title=\"Information_environnementale_vert\"\/><\/figure>\n\n\n\n<p class=\"has-text-align-center has-accent-color has-text-color\">Acc\u00e9der \u00e0 l\u2019information environnementale sur le site industriel<\/p>\n\n<\/div><\/div><\/div>\n\n<div class=\"gb-grid-column gb-grid-column-467105d7\"><div class=\"gb-container gb-container-467105d7 picto_container\"><div class=\"gb-inside-container\">\n\n<figure class=\"gb-block-image gb-block-image-c2a9f748\"><img loading=\"lazy\" decoding=\"async\" width=\"100\" height=\"100\" class=\"gb-image gb-image-c2a9f748\" src=\"https:\/\/pacte-grand-sud.nc\/ccce\/wp-content\/uploads\/2022\/09\/avis_vert.png\" alt=\"\" title=\"avis_vert\"\/><\/figure>\n\n\n\n<p class=\"has-text-align-center has-accent-color has-text-color\">Emettre des avis et des recommandations pour pr\u00e9venir ou minimiser les impacts li\u00e9s aux activit\u00e9s de Prony Ressources.<\/p>\n\n<\/div><\/div><\/div>\n\n<div class=\"gb-grid-column gb-grid-column-91350222\"><div class=\"gb-container gb-container-91350222 picto_container\"><div class=\"gb-inside-container\">\n\n<figure class=\"gb-block-image gb-block-image-a6185c24\"><img loading=\"lazy\" decoding=\"async\" width=\"100\" height=\"100\" class=\"gb-image gb-image-a6185c24\" src=\"https:\/\/pacte-grand-sud.nc\/ccce\/wp-content\/uploads\/2022\/09\/Informer_populations_voisines_vert.png\" alt=\"\" title=\"Informer_populations_voisines_vert\"\/><\/figure>\n\n\n\n<p class=\"has-text-align-center has-accent-color has-text-color\">Informer les populations voisines<\/p>\n\n<\/div><\/div><\/div>\n\n<div class=\"gb-grid-column gb-grid-column-863d8187\"><div class=\"gb-container gb-container-863d8187 picto_container\"><div class=\"gb-inside-container\">\n\n<figure class=\"gb-block-image gb-block-image-42fca636\"><img loading=\"lazy\" decoding=\"async\" width=\"100\" height=\"100\" class=\"gb-image gb-image-42fca636\" src=\"https:\/\/pacte-grand-sud.nc\/ccce\/wp-content\/uploads\/2022\/09\/Etudes-environnementale_vert.png\" alt=\"\" title=\"Etudes-environnementale_vert\"\/><\/figure>\n\n\n\n<p class=\"has-text-align-center has-accent-color has-text-color\">Concourir \u00e0 la r\u00e9alisation d\u2019\u00e9tudes environnementales et d\u2019outils de pr\u00e9servation et de mise en valeur des savoirs et connaissances traditionnels kanak en mati\u00e8re d\u2019environnement.<\/p>\n\n<\/div><\/div><\/div>\n<\/div>\n\n\n<p class=\"text-align-justify\">Pour avoir travers\u00e9 quelques grandes crises environnementales, bouleversements industrielles et \u00e9conomiques ces derni\u00e8res ann\u00e9es, Le CCCE avait l\u2019obligation de s\u2019adapter aux nouveaux enjeux environnementaux et se transformer afin de tendre vers une structure capable de r\u00e9pondre aux d\u00e9fis que pose le d\u00e9veloppement durable.<\/p>\n\n\n\n<p class=\"text-align-justify\">Le CCCE a renforc\u00e9 ses missions en s\u2019impliquant davantage dans la gestion et la valorisation des espaces naturels du Grand Sud, \u00eatre le garant de la pr\u00e9servation des uses et coutumes des populations kanak et veiller au d\u00e9veloppement \u00e9conomique et social des populations hors secteur minier.<\/p>\n\n\n\n<p class=\"text-align-justify\">Nos \u00e9quipes sont engag\u00e9es dans le suivi r\u00e9gulier de l\u2019industriel Prony Resources Nouvelle-Cal\u00e9donie, et participer \u00e0 une transformation&nbsp;<strong>durable<\/strong> de l\u2019usine et la mine. Notre capacit\u00e9 \u00e0 dialoguer et \u00e0 coconstruire en toute transparence avec nos partenaires, les populations locales, les institutions et les autorit\u00e9s coutumi\u00e8res, est le gage d\u2019actions profitables pour toutes nos parties prenantes. L\u2019environnement doit \u00eatre un principe commun \u00e0 tous les acteurs \u00e9conomiques \u00e9voluant dans l\u2019aire Drubea-Kapum\u00eb.<\/p>\n\n<\/div><\/div>","protected":false},"excerpt":{"rendered":"<p>Une vision autochtone de l&rsquo;environnement Une vision autochtone de l&rsquo;environnement Le Comit\u00e9 Consultatif Coutumier Environnemental (ci-apr\u00e8s CCCE) est une association de loi 1901 cr\u00e9\u00e9e le 29 octobre 2009 dans le cadre du Pacte pour un d\u00e9veloppement durable du Grand Sud, sign\u00e9 entre la soci\u00e9t\u00e9 Goro Nickel (d\u00e9sormais Prony Resources New Caledonia), les chefferies coutumi\u00e8res du &#8230; <a title=\"Une vision autochtone de l&rsquo;environnement\" class=\"read-more\" href=\"https:\/\/pacte-grand-sud.nc\/ccce\/presentation\/une-vision-autochtone-de-lenvironnement\/\" aria-label=\"En savoir plus sur Une vision autochtone de l&rsquo;environnement\">Lire plus<\/a><\/p>\n","protected":false},"author":1,"featured_media":245,"parent":240,"menu_order":1,"comment_status":"closed","ping_status":"closed","template":"","meta":{"_acf_changed":false,"footnotes":""},"categories":[],"class_list":["post-243","page","type-page","status-publish","has-post-thumbnail"],"acf":[],"_links":{"self":[{"href":"https:\/\/pacte-grand-sud.nc\/ccce\/wp-json\/wp\/v2\/pages\/243","targetHints":{"allow":["GET"]}}],"collection":[{"href":"https:\/\/pacte-grand-sud.nc\/ccce\/wp-json\/wp\/v2\/pages"}],"about":[{"href":"https:\/\/pacte-grand-sud.nc\/ccce\/wp-json\/wp\/v2\/types\/page"}],"author":[{"embeddable":true,"href":"https:\/\/pacte-grand-sud.nc\/ccce\/wp-json\/wp\/v2\/users\/1"}],"replies":[{"embeddable":true,"href":"https:\/\/pacte-grand-sud.nc\/ccce\/wp-json\/wp\/v2\/comments?post=243"}],"version-history":[{"count":58,"href":"https:\/\/pacte-grand-sud.nc\/ccce\/wp-json\/wp\/v2\/pages\/243\/revisions"}],"predecessor-version":[{"id":3393,"href":"https:\/\/pacte-grand-sud.nc\/ccce\/wp-json\/wp\/v2\/pages\/243\/revisions\/3393"}],"up":[{"embeddable":true,"href":"https:\/\/pacte-grand-sud.nc\/ccce\/wp-json\/wp\/v2\/pages\/240"}],"wp:featuredmedia":[{"embeddable":true,"href":"https:\/\/pacte-grand-sud.nc\/ccce\/wp-json\/wp\/v2\/media\/245"}],"wp:attachment":[{"href":"https:\/\/pacte-grand-sud.nc\/ccce\/wp-json\/wp\/v2\/media?parent=243"}],"wp:term":[{"taxonomy":"category","embeddable":true,"href":"https:\/\/pacte-grand-sud.nc\/ccce\/wp-json\/wp\/v2\/categories?post=243"}],"curies":[{"name":"wp","href":"https:\/\/api.w.org\/{rel}","templated":true}]}}

<div class="gb-container gb-container-9fabc5d5"><div class="gb-inside-container">
<div class="gb-container gb-container-ef631ec3"><div class="gb-inside-container">

<h1 class="gb-headline gb-headline-c1b11667 gb-headline-text">Une <br>vision autochtone <br>de l&rsquo;environnement<br></h1>

</div></div>
</div></div>

<div class="gb-container gb-container-686afdd3"><div class="gb-inside-container">
<div class="gb-grid-wrapper gb-grid-wrapper-d8315cfb">
<div class="gb-grid-column gb-grid-column-d0a4b3e5"><div class="gb-container gb-container-d0a4b3e5"><a class="gb-container-link" href="/ccce/presentation/une-vision-autochtone-de-lenvironnement/"></a><div class="gb-inside-container">

<p class="gb-headline gb-headline-a822a0f4 gb-headline-text">Une vision <strong>autochtone </strong><br>de l&rsquo;environnement</p>

</div></div></div>

<div class="gb-grid-column gb-grid-column-f3a1e8aa"><div class="gb-container gb-container-f3a1e8aa"><a class="gb-container-link" href="/ccce/presentation/nos-missions-dans-laire-drubea-kapume/"></a><div class="gb-inside-container">

<p class="gb-headline gb-headline-b5704be9 gb-headline-text">Nos <strong>missions </strong><br>dans l&rsquo;aire Drubéa-Kapumé</p>

</div></div></div>

<div class="gb-grid-column gb-grid-column-42d6b73d"><div class="gb-container gb-container-42d6b73d"><a class="gb-container-link" href="https://pacte-grand-sud.nc/ccce/presentation/notre-gouvernance/"></a><div class="gb-inside-container">

<p class="gb-headline gb-headline-9412dddd gb-headline-text">Notre <br><strong>gouvernance</strong></p>

</div></div></div>
</div>
</div></div>

<div class="gb-container gb-container-9c99a6f4"><div class="gb-inside-container">

<h2 class="gb-headline gb-headline-6162227d gb-headline-text underlined_title">Une vision <strong>autochtone </strong>de l&rsquo;environnement</h2>



<p class="has-text-align-center text-align-justify has-contrast-2-color has-text-color">Le Comité Consultatif Coutumier Environnemental (ci-après CCCE) est une association de loi 1901 créée le 29 octobre 2009 dans le cadre du Pacte pour un développement durable du Grand Sud, signé entre la société Goro Nickel (désormais Prony Resources New Caledonia), les chefferies coutumières du Grand Sud, et le Comité Rhéébù Nùù. Le Pacte est un outil inspiré de l’article 32 de la Déclaration des Nations Unies sur les Droits des Peuples Autochtones et devant favoriser le dialogue, la concertation et l’action dans une logique de partenariat entre l’industriel et la population kanak. Il a aussi pour objet de compenser les impacts socioculturels de la mine et l’usine de Prony. La création du CCCE a eu pour objet de permettre une participation au suivi environnemental de l’usine et de la mine de Prony, dans le Grand-sud, en constituant un intermédiaire fiable et bien informé entre l’opérateur industriel et la population kanak. Il garantit dans ce cadre la participation des instances coutumières au suivi environnemental, notamment à travers des avis émis par le Comité sur la base des connaissances traditionnelles et des us et coutumes de la société kanak.</p>



<h2 class="gb-headline gb-headline-cdeec486 gb-headline-text">Le CCCE a <mark style="background-color:rgba(0, 0, 0, 0)" class="has-inline-color has-accent-color">quatre </mark>objectifs bien distincts</h2>


<div class="gb-grid-wrapper gb-grid-wrapper-fd823f00">
<div class="gb-grid-column gb-grid-column-fe62e72d"><div class="gb-container gb-container-fe62e72d picto_container"><div class="gb-inside-container">

<figure class="gb-block-image gb-block-image-9e798ecf"><img loading="lazy" decoding="async" width="100" height="100" class="gb-image gb-image-9e798ecf" src="https://pacte-grand-sud.nc/ccce/wp-content/uploads/2022/09/Information_environnementale_vert.png" alt="" title="Information_environnementale_vert"/></figure>



<p class="has-text-align-center has-accent-color has-text-color">Accéder à l’information environnementale sur le site industriel</p>

</div></div></div>

<div class="gb-grid-column gb-grid-column-467105d7"><div class="gb-container gb-container-467105d7 picto_container"><div class="gb-inside-container">

<figure class="gb-block-image gb-block-image-c2a9f748"><img loading="lazy" decoding="async" width="100" height="100" class="gb-image gb-image-c2a9f748" src="https://pacte-grand-sud.nc/ccce/wp-content/uploads/2022/09/avis_vert.png" alt="" title="avis_vert"/></figure>



<p class="has-text-align-center has-accent-color has-text-color">Emettre des avis et des recommandations pour prévenir ou minimiser les impacts liés aux activités de Prony Ressources.</p>

</div></div></div>

<div class="gb-grid-column gb-grid-column-91350222"><div class="gb-container gb-container-91350222 picto_container"><div class="gb-inside-container">

<figure class="gb-block-image gb-block-image-a6185c24"><img loading="lazy" decoding="async" width="100" height="100" class="gb-image gb-image-a6185c24" src="https://pacte-grand-sud.nc/ccce/wp-content/uploads/2022/09/Informer_populations_voisines_vert.png" alt="" title="Informer_populations_voisines_vert"/></figure>



<p class="has-text-align-center has-accent-color has-text-color">Informer les populations voisines</p>

</div></div></div>

<div class="gb-grid-column gb-grid-column-863d8187"><div class="gb-container gb-container-863d8187 picto_container"><div class="gb-inside-container">

<figure class="gb-block-image gb-block-image-42fca636"><img loading="lazy" decoding="async" width="100" height="100" class="gb-image gb-image-42fca636" src="https://pacte-grand-sud.nc/ccce/wp-content/uploads/2022/09/Etudes-environnementale_vert.png" alt="" title="Etudes-environnementale_vert"/></figure>



<p class="has-text-align-center has-accent-color has-text-color">Concourir à la réalisation d’études environnementales et d’outils de préservation et de mise en valeur des savoirs et connaissances traditionnels kanak en matière d’environnement.</p>

</div></div></div>
</div>


<p class="text-align-justify">Pour avoir traversé quelques grandes crises environnementales, bouleversements industrielles et économiques ces dernières années, Le CCCE avait l’obligation de s’adapter aux nouveaux enjeux environnementaux et se transformer afin de tendre vers une structure capable de répondre aux défis que pose le développement durable.</p>



<p class="text-align-justify">Le CCCE a renforcé ses missions en s’impliquant davantage dans la gestion et la valorisation des espaces naturels du Grand Sud, être le garant de la préservation des uses et coutumes des populations kanak et veiller au développement économique et social des populations hors secteur minier.</p>



<p class="text-align-justify">Nos équipes sont engagées dans le suivi régulier de l’industriel Prony Resources Nouvelle-Calédonie, et participer à une transformation&nbsp;<strong>durable</strong> de l’usine et la mine. Notre capacité à dialoguer et à coconstruire en toute transparence avec nos partenaires, les populations locales, les institutions et les autorités coutumières, est le gage d’actions profitables pour toutes nos parties prenantes. L’environnement doit être un principe commun à tous les acteurs économiques évoluant dans l’aire Drubea-Kapumë.</p>

</div></div>

<p>Une vision autochtone de l&rsquo;environnement Une vision autochtone de l&rsquo;environnement Le Comité Consultatif Coutumier Environnemental (ci-après CCCE) est une association de loi 1901 créée le 29 octobre 2009 dans le cadre du Pacte pour un développement durable du Grand Sud, signé entre la société Goro Nickel (désormais Prony Resources New Caledonia), les chefferies coutumières du &#8230; <a title="Une vision autochtone de l&rsquo;environnement" class="read-more" href="https://pacte-grand-sud.nc/ccce/presentation/une-vision-autochtone-de-lenvironnement/" aria-label="En savoir plus sur Une vision autochtone de l&rsquo;environnement">Lire plus</a></p>
