{"id":2774,"date":"2022-09-08T11:36:26","date_gmt":"2022-09-08T00:36:26","guid":{"rendered":"https:\/\/pacte-grand-sud.nc\/fondation-prony-resources\/?page_id=2774"},"modified":"2022-09-08T14:29:20","modified_gmt":"2022-09-08T03:29:20","slug":"notre-gouvernance","status":"publish","type":"page","link":"https:\/\/pacte-grand-sud.nc\/fondation-prony-resources\/presentation\/notre-gouvernance\/","title":{"rendered":"Notre gouvernance"},"content":{"rendered":"<div class=\"gb-container gb-container-9fabc5d5\"><div class=\"gb-inside-container\">\n<div class=\"gb-container gb-container-ef631ec3\"><div class=\"gb-inside-container\">\n\n<h1 class=\"gb-headline gb-headline-c1b11667 gb-headline-text\">Notre <br>Gouvernance<\/h1>\n\n<\/div><\/div>\n<\/div><\/div>\n\n<div class=\"gb-container gb-container-686afdd3\"><div class=\"gb-inside-container\">\n<div class=\"gb-grid-wrapper gb-grid-wrapper-d8315cfb\">\n<div class=\"gb-grid-column gb-grid-column-d0a4b3e5\"><div class=\"gb-container gb-container-d0a4b3e5\"><a class=\"gb-container-link\" href=\"\/ccce\/presentation\/une-vision-autochtone-de-lenvironnement\/\"><\/a><div class=\"gb-inside-container\">\n\n<p class=\"gb-headline gb-headline-a822a0f4 gb-headline-text\">Une vision <strong>autochtone <\/strong><br>de l&rsquo;environnement<\/p>\n\n<\/div><\/div><\/div>\n\n<div class=\"gb-grid-column gb-grid-column-f3a1e8aa\"><div class=\"gb-container gb-container-f3a1e8aa\"><a class=\"gb-container-link\" href=\"\/ccce\/presentation\/nos-missions-dans-laire-drubea-kapume\/\"><\/a><div class=\"gb-inside-container\">\n\n<p class=\"gb-headline gb-headline-b5704be9 gb-headline-text\">Nos <strong>missions <\/strong><br>dans l&rsquo;aire Drub\u00e9a-Kapum\u00e9<\/p>\n\n<\/div><\/div><\/div>\n\n<div class=\"gb-grid-column gb-grid-column-42d6b73d\"><div class=\"gb-container gb-container-42d6b73d\"><div class=\"gb-inside-container\">\n\n<p class=\"gb-headline gb-headline-9412dddd gb-headline-text\">Notre <br><strong>gouvernance<\/strong><\/p>\n\n<\/div><\/div><\/div>\n<\/div>\n<\/div><\/div>\n\n<div class=\"gb-container gb-container-9c99a6f4\"><div class=\"gb-inside-container\">\n\n<h2 class=\"gb-headline gb-headline-6162227d gb-headline-text underlined_title\">Notre <strong>gouvernance<\/strong><\/h2>\n\n\n\n<p class=\"gb-headline gb-headline-cdeec486 gb-headline-text\">Coutumi\u00e8re, comptant une composition repr\u00e9sentative des communaut\u00e9s de l\u2019aire coutumi\u00e8re Drubea-Kapum\u00eb, Le CCCE porte une grande attention \u00e0 un d\u00e9veloppement durable et au respect de son environnement naturel et social.<\/p>\n\n\n\n<p>Depuis ao\u00fbt 2019, Sil\u00e9va MAPOU est pr\u00e9sident du CCCE qui est organis\u00e9 de la mani\u00e8re suivante\u00a0:<\/p>\n\n\n<div class=\"gb-container gb-container-2ce42eae\"><div class=\"gb-inside-container\">\n\n<figure class=\"gb-block-image gb-block-image-205239dc\"><img loading=\"lazy\" decoding=\"async\" width=\"1220\" height=\"250\" class=\"gb-image gb-image-205239dc\" src=\"https:\/\/pacte-grand-sud.nc\/fondation-prony-resources\/wp-content\/uploads\/2022\/09\/MEMBRES.png\" alt=\"\" title=\"MEMBRES\" srcset=\"https:\/\/pacte-grand-sud.nc\/fondation-prony-resources\/wp-content\/uploads\/2022\/09\/MEMBRES.png 1220w, https:\/\/pacte-grand-sud.nc\/fondation-prony-resources\/wp-content\/uploads\/2022\/09\/MEMBRES-300x61.png 300w, https:\/\/pacte-grand-sud.nc\/fondation-prony-resources\/wp-content\/uploads\/2022\/09\/MEMBRES-1024x210.png 1024w, https:\/\/pacte-grand-sud.nc\/fondation-prony-resources\/wp-content\/uploads\/2022\/09\/MEMBRES-768x157.png 768w\" sizes=\"auto, (max-width: 1220px) 100vw, 1220px\" \/><\/figure>\n\n<\/div><\/div>\n<\/div><\/div>\n\n<div class=\"gb-container gb-container-811a38dd\"><div class=\"gb-inside-container\">\n\n<p class=\"has-base-3-color has-text-color\">Les membres de droit d\u00e9signent et mettent en place un conseil qui comprend 15 membres dont\u00a0:<\/p>\n\n\n<div class=\"gb-grid-wrapper gb-grid-wrapper-ed7adb7f chiffres_container\">\n<div class=\"gb-grid-column gb-grid-column-b7444a92\"><div class=\"gb-container gb-container-b7444a92\"><div class=\"gb-inside-container\">\n\n<p class=\"has-text-align-center chiffre has-base-3-color has-text-color\" style=\"font-size:100px\"><strong>2<\/strong><\/p>\n\n\n\n<p class=\"has-base-3-color has-text-color\"><strong>repr\u00e9sentants qualifi\u00e9s d\u00e9sign\u00e9s par les s\u00e9nateurs de l\u2019aire Drubea-Kapum\u00eb<\/strong><\/p>\n\n<\/div><\/div><\/div>\n\n<div class=\"gb-grid-column gb-grid-column-8d13b90c\"><div class=\"gb-container gb-container-8d13b90c\"><div class=\"gb-inside-container\">\n\n<p class=\"has-text-align-center chiffre has-base-3-color has-text-color\" style=\"font-size:100px\"><strong>5<\/strong><\/p>\n\n\n\n<p class=\"has-base-3-color has-text-color\"><strong>repr\u00e9sentants qualifi\u00e9s d\u00e9sign\u00e9s par le conseil de l\u2019aire Drubea-Kapum\u00ebKapum\u00eb<\/strong><\/p>\n\n<\/div><\/div><\/div>\n\n<div class=\"gb-grid-column gb-grid-column-6bf1df61\"><div class=\"gb-container gb-container-6bf1df61\"><div class=\"gb-inside-container\">\n\n<p class=\"has-text-align-center chiffre has-base-3-color has-text-color\" style=\"font-size:100px\"><strong>3<\/strong><\/p>\n\n\n\n<p class=\"has-base-3-color has-text-color\"><strong>repr\u00e9sentants qualifi\u00e9s <\/strong><br><strong>pour les chefferies de Yat\u00e9, <\/strong><br><strong>Mont-Dore et l\u2019\u00cele des pins<\/strong><\/p>\n\n<\/div><\/div><\/div>\n\n<div class=\"gb-grid-column gb-grid-column-4141be0b\"><div class=\"gb-container gb-container-4141be0b\"><div class=\"gb-inside-container\">\n\n<p class=\"has-text-align-center chiffre has-base-3-color has-text-color\" style=\"font-size:100px\"><strong>2<\/strong><\/p>\n\n\n\n<p class=\"has-base-3-color has-text-color\"><strong>membres du comit\u00e9 <\/strong><br><strong>Rh\u00e9\u00e9bu N\u00f9\u00f9<\/strong><\/p>\n\n<\/div><\/div><\/div>\n<\/div>\n<\/div><\/div>\n\n<div class=\"gb-container gb-container-3134ed69 section_decalee\"><div class=\"gb-inside-container\">\n\n<p class=\"has-text-align-center has-base-3-color has-text-color\">Prony Resources NC, \u00e9tant membre observateur est repr\u00e9sent\u00e9 en conseil par 2 membres, mais sans aucun droit de vote, ni de d\u00e9cision.<\/p>\n\n<\/div><\/div>\n\n<div class=\"gb-container gb-container-8d0f95d1\"><div class=\"gb-inside-container\">\n\n<p class=\"has-text-align-center\"><strong>Une \u00e9quipe technique coutumi\u00e8re\u00a0<\/strong><\/p>\n\n<\/div><\/div>","protected":false},"excerpt":{"rendered":"<p>Notre Gouvernance Notre gouvernance Coutumi\u00e8re, comptant une composition repr\u00e9sentative des communaut\u00e9s de l\u2019aire coutumi\u00e8re Drubea-Kapum\u00eb, Le CCCE porte une grande attention \u00e0 un d\u00e9veloppement durable et au respect de son environnement naturel et social. Depuis ao\u00fbt 2019, Sil\u00e9va MAPOU est pr\u00e9sident du CCCE qui est organis\u00e9 de la mani\u00e8re suivante\u00a0: Les membres de droit d\u00e9signent &#8230; <a title=\"Notre gouvernance\" class=\"read-more\" href=\"https:\/\/pacte-grand-sud.nc\/fondation-prony-resources\/presentation\/notre-gouvernance\/\" aria-label=\"En savoir plus sur Notre gouvernance\">Lire plus<\/a><\/p>\n","protected":false},"author":1,"featured_media":0,"parent":240,"menu_order":0,"comment_status":"closed","ping_status":"closed","template":"","meta":{"_acf_changed":false,"om_disable_all_campaigns":false,"_monsterinsights_skip_tracking":false,"_monsterinsights_sitenote_active":false,"_monsterinsights_sitenote_note":"","_monsterinsights_sitenote_category":0,"footnotes":""},"categories":[],"class_list":["post-2774","page","type-page","status-publish"],"acf":[],"aioseo_notices":[],"_links":{"self":[{"href":"https:\/\/pacte-grand-sud.nc\/fondation-prony-resources\/wp-json\/wp\/v2\/pages\/2774","targetHints":{"allow":["GET"]}}],"collection":[{"href":"https:\/\/pacte-grand-sud.nc\/fondation-prony-resources\/wp-json\/wp\/v2\/pages"}],"about":[{"href":"https:\/\/pacte-grand-sud.nc\/fondation-prony-resources\/wp-json\/wp\/v2\/types\/page"}],"author":[{"embeddable":true,"href":"https:\/\/pacte-grand-sud.nc\/fondation-prony-resources\/wp-json\/wp\/v2\/users\/1"}],"replies":[{"embeddable":true,"href":"https:\/\/pacte-grand-sud.nc\/fondation-prony-resources\/wp-json\/wp\/v2\/comments?post=2774"}],"version-history":[{"count":32,"href":"https:\/\/pacte-grand-sud.nc\/fondation-prony-resources\/wp-json\/wp\/v2\/pages\/2774\/revisions"}],"predecessor-version":[{"id":2839,"href":"https:\/\/pacte-grand-sud.nc\/fondation-prony-resources\/wp-json\/wp\/v2\/pages\/2774\/revisions\/2839"}],"up":[{"embeddable":true,"href":"https:\/\/pacte-grand-sud.nc\/fondation-prony-resources\/wp-json\/wp\/v2\/pages\/240"}],"wp:attachment":[{"href":"https:\/\/pacte-grand-sud.nc\/fondation-prony-resources\/wp-json\/wp\/v2\/media?parent=2774"}],"wp:term":[{"taxonomy":"category","embeddable":true,"href":"https:\/\/pacte-grand-sud.nc\/fondation-prony-resources\/wp-json\/wp\/v2\/categories?post=2774"}],"curies":[{"name":"wp","href":"https:\/\/api.w.org\/{rel}","templated":true}]}}

<div class="gb-container gb-container-9fabc5d5"><div class="gb-inside-container">
<div class="gb-container gb-container-ef631ec3"><div class="gb-inside-container">

<h1 class="gb-headline gb-headline-c1b11667 gb-headline-text">Notre <br>Gouvernance</h1>

</div></div>
</div></div>

<div class="gb-container gb-container-686afdd3"><div class="gb-inside-container">
<div class="gb-grid-wrapper gb-grid-wrapper-d8315cfb">
<div class="gb-grid-column gb-grid-column-d0a4b3e5"><div class="gb-container gb-container-d0a4b3e5"><a class="gb-container-link" href="/ccce/presentation/une-vision-autochtone-de-lenvironnement/"></a><div class="gb-inside-container">

<p class="gb-headline gb-headline-a822a0f4 gb-headline-text">Une vision <strong>autochtone </strong><br>de l&rsquo;environnement</p>

</div></div></div>

<div class="gb-grid-column gb-grid-column-f3a1e8aa"><div class="gb-container gb-container-f3a1e8aa"><a class="gb-container-link" href="/ccce/presentation/nos-missions-dans-laire-drubea-kapume/"></a><div class="gb-inside-container">

<p class="gb-headline gb-headline-b5704be9 gb-headline-text">Nos <strong>missions </strong><br>dans l&rsquo;aire Drubéa-Kapumé</p>

</div></div></div>

<div class="gb-grid-column gb-grid-column-42d6b73d"><div class="gb-container gb-container-42d6b73d"><div class="gb-inside-container">

<p class="gb-headline gb-headline-9412dddd gb-headline-text">Notre <br><strong>gouvernance</strong></p>

</div></div></div>
</div>
</div></div>

<div class="gb-container gb-container-9c99a6f4"><div class="gb-inside-container">

<h2 class="gb-headline gb-headline-6162227d gb-headline-text underlined_title">Notre <strong>gouvernance</strong></h2>



<p class="gb-headline gb-headline-cdeec486 gb-headline-text">Coutumière, comptant une composition représentative des communautés de l’aire coutumière Drubea-Kapumë, Le CCCE porte une grande attention à un développement durable et au respect de son environnement naturel et social.</p>



<p>Depuis août 2019, Siléva MAPOU est président du CCCE qui est organisé de la manière suivante :</p>


<div class="gb-container gb-container-2ce42eae"><div class="gb-inside-container">

<figure class="gb-block-image gb-block-image-205239dc"><img loading="lazy" decoding="async" width="1220" height="250" class="gb-image gb-image-205239dc" src="https://pacte-grand-sud.nc/fondation-prony-resources/wp-content/uploads/2022/09/MEMBRES.png" alt="" title="MEMBRES" srcset="https://pacte-grand-sud.nc/fondation-prony-resources/wp-content/uploads/2022/09/MEMBRES.png 1220w, https://pacte-grand-sud.nc/fondation-prony-resources/wp-content/uploads/2022/09/MEMBRES-300x61.png 300w, https://pacte-grand-sud.nc/fondation-prony-resources/wp-content/uploads/2022/09/MEMBRES-1024x210.png 1024w, https://pacte-grand-sud.nc/fondation-prony-resources/wp-content/uploads/2022/09/MEMBRES-768x157.png 768w" sizes="auto, (max-width: 1220px) 100vw, 1220px" /></figure>

</div></div>
</div></div>

<div class="gb-container gb-container-811a38dd"><div class="gb-inside-container">

<p class="has-base-3-color has-text-color">Les membres de droit désignent et mettent en place un conseil qui comprend 15 membres dont :</p>


<div class="gb-grid-wrapper gb-grid-wrapper-ed7adb7f chiffres_container">
<div class="gb-grid-column gb-grid-column-b7444a92"><div class="gb-container gb-container-b7444a92"><div class="gb-inside-container">

<p class="has-text-align-center chiffre has-base-3-color has-text-color" style="font-size:100px"><strong>2</strong></p>



<p class="has-base-3-color has-text-color"><strong>représentants qualifiés désignés par les sénateurs de l’aire Drubea-Kapumë</strong></p>

</div></div></div>

<div class="gb-grid-column gb-grid-column-8d13b90c"><div class="gb-container gb-container-8d13b90c"><div class="gb-inside-container">

<p class="has-text-align-center chiffre has-base-3-color has-text-color" style="font-size:100px"><strong>5</strong></p>



<p class="has-base-3-color has-text-color"><strong>représentants qualifiés désignés par le conseil de l’aire Drubea-KapumëKapumë</strong></p>

</div></div></div>

<div class="gb-grid-column gb-grid-column-6bf1df61"><div class="gb-container gb-container-6bf1df61"><div class="gb-inside-container">

<p class="has-text-align-center chiffre has-base-3-color has-text-color" style="font-size:100px"><strong>3</strong></p>



<p class="has-base-3-color has-text-color"><strong>représentants qualifiés </strong><br><strong>pour les chefferies de Yaté, </strong><br><strong>Mont-Dore et l’Île des pins</strong></p>

</div></div></div>

<div class="gb-grid-column gb-grid-column-4141be0b"><div class="gb-container gb-container-4141be0b"><div class="gb-inside-container">

<p class="has-text-align-center chiffre has-base-3-color has-text-color" style="font-size:100px"><strong>2</strong></p>



<p class="has-base-3-color has-text-color"><strong>membres du comité </strong><br><strong>Rhéébu Nùù</strong></p>

</div></div></div>
</div>
</div></div>

<div class="gb-container gb-container-3134ed69 section_decalee"><div class="gb-inside-container">

<p class="has-text-align-center has-base-3-color has-text-color">Prony Resources NC, étant membre observateur est représenté en conseil par 2 membres, mais sans aucun droit de vote, ni de décision.</p>

</div></div>

<div class="gb-container gb-container-8d0f95d1"><div class="gb-inside-container">

<p class="has-text-align-center"><strong>Une équipe technique coutumière </strong></p>

</div></div>

<p>Notre Gouvernance Notre gouvernance Coutumière, comptant une composition représentative des communautés de l’aire coutumière Drubea-Kapumë, Le CCCE porte une grande attention à un développement durable et au respect de son environnement naturel et social. Depuis août 2019, Siléva MAPOU est président du CCCE qui est organisé de la manière suivante : Les membres de droit désignent &#8230; <a title="Notre gouvernance" class="read-more" href="https://pacte-grand-sud.nc/fondation-prony-resources/presentation/notre-gouvernance/" aria-label="En savoir plus sur Notre gouvernance">Lire plus</a></p>
