{"id":2925,"date":"2022-09-15T07:53:37","date_gmt":"2022-09-14T20:53:37","guid":{"rendered":"https:\/\/pacte-grand-sud.nc\/fondation-prony-resources\/?page_id=2925"},"modified":"2025-03-24T11:37:52","modified_gmt":"2025-03-24T00:37:52","slug":"galerie-media","status":"publish","type":"page","link":"https:\/\/pacte-grand-sud.nc\/fondation-prony-resources\/galerie-media\/","title":{"rendered":"Galerie M\u00e9dia"},"content":{"rendered":"<div class=\"gb-container gb-container-9fabc5d5\"><div class=\"gb-inside-container\">\n<div class=\"gb-container gb-container-ef631ec3\"><div class=\"gb-inside-container\">\n<h1 class=\"gb-headline gb-headline-c1b11667 gb-headline-text\" data-sal=\"slide-down\" data-sal-easing=\"easeInOutSine\" data-sal-duration=\"700\">Galerie M\u00e9dia<\/h1>\n<\/div><\/div>\n<\/div><\/div>\n\n<div class=\"gb-container gb-container-c1b92edf\">\n<div class=\"gb-container gb-container-e87b9674\">\n<div class=\"gb-container gb-container-44c7ca84\"><div class=\"gb-inside-container\">\n\n<h2 class=\"gb-headline gb-headline-0e1ae317 gb-headline-text underlined_title\"><strong>Galerie Photo<\/strong><\/h2>\n\n<\/div><\/div>\n<\/div>\n<\/div>\n\n<div class=\"gb-container gb-container-e4d5ed0d\"><div class=\"gb-inside-container\">\n\n<div class=\"gb-grid-wrapper gb-grid-wrapper-db1eaf14 gb-query-loop-wrapper\">\n<div class=\"gb-grid-column gb-grid-column-5c209818 gb-query-loop-item post-4045 post type-post status-publish format-standard hentry category-actualites category-flash-info category-general category-media\"><div class=\"gb-container gb-container-5c209818\"><a class=\"gb-container-link\" href=\"https:\/\/pacte-grand-sud.nc\/fondation-prony-resources\/general\/teaser-officiel\/\"><\/a><div class=\"gb-inside-container\">\n<h3 class=\"gb-headline gb-headline-490014c4 gb-headline-text\">Teaser Officiel<\/h3>\n<\/div><\/div><\/div>\n\n<div class=\"gb-grid-column gb-grid-column-5c209818 gb-query-loop-item post-3966 post type-post status-publish format-standard has-post-thumbnail hentry category-actualites category-media\"><div class=\"gb-container gb-container-5c209818\" style=\"--background-image: url(https:\/\/pacte-grand-sud.nc\/fondation-prony-resources\/wp-content\/uploads\/2025\/09\/540442289_806799558660154_7080638538510782895_n.jpg);\"><a class=\"gb-container-link\" href=\"https:\/\/pacte-grand-sud.nc\/fondation-prony-resources\/actualites\/%e2%9d%9d%f0%9d%90%85%f0%9d%90%a8%f0%9d%90%a7%f0%9d%90%9d%f0%9d%90%9a%f0%9d%90%ad%f0%9d%90%a2%f0%9d%90%a8%f0%9d%90%a7-%f0%9d%90%b1-%f0%9d%90%91%f0%9d%90%9e%f0%9d%90%ac%f0%9d%90%9e%f0%9d%90%9a\/\"><\/a><div class=\"gb-inside-container\">\n<h3 class=\"gb-headline gb-headline-490014c4 gb-headline-text\">\u275d\ud835\udc05\ud835\udc28\ud835\udc27\ud835\udc1d\ud835\udc1a\ud835\udc2d\ud835\udc22\ud835\udc28\ud835\udc27 \ud835\udc31 \ud835\udc11\ud835\udc1e\ud835\udc2c\ud835\udc1e\ud835\udc1a\ud835\udc2e \ud835\udc08\ud835\udc27\ud835\udc22\ud835\udc2d\ud835\udc22\ud835\udc1a\ud835\udc2d\ud835\udc22\ud835\udc2f\ud835\udc1e \ud835\udc0d\ud835\udc02 : \ud835\udc04\ud835\udc27\ud835\udc2d\ud835\udc2b\ud835\udc1e \ud835\udc20\ud835\udc2b\ud835\udc1a\ud835\udc2d\ud835\udc22\ud835\udc2d\ud835\udc2e\ud835\udc1d\ud835\udc1e \ud835\udc1e\ud835\udc2d \ud835\udc27\ud835\udc28\ud835\udc2e\ud835\udc2f\ud835\udc1e\ud835\udc1a\ud835\udc2e\ud835\udc31 \ud835\udc21\ud835\udc28\ud835\udc2b\ud835\udc22\ud835\udc33\ud835\udc28\ud835\udc27\ud835\udc2c\u275e<\/h3>\n<\/div><\/div><\/div>\n\n<div class=\"gb-grid-column gb-grid-column-5c209818 gb-query-loop-item post-3902 post type-post status-publish format-standard has-post-thumbnail hentry category-actualites category-media\"><div class=\"gb-container gb-container-5c209818\" style=\"--background-image: url(https:\/\/pacte-grand-sud.nc\/fondation-prony-resources\/wp-content\/uploads\/2025\/03\/Tournee-dInformation-aux-Chefferies-2025.png);\"><a class=\"gb-container-link\" href=\"https:\/\/pacte-grand-sud.nc\/fondation-prony-resources\/actualites\/tournee-des-chefferie-2025\/\"><\/a><div class=\"gb-inside-container\">\n<h3 class=\"gb-headline gb-headline-490014c4 gb-headline-text\">Tourn\u00e9e des chefferie 2025<\/h3>\n<\/div><\/div><\/div>\n\n<div class=\"gb-grid-column gb-grid-column-5c209818 gb-query-loop-item post-3898 post type-post status-publish format-standard has-post-thumbnail hentry category-actualites category-media\"><div class=\"gb-container gb-container-5c209818\" style=\"--background-image: url(https:\/\/pacte-grand-sud.nc\/fondation-prony-resources\/wp-content\/uploads\/2025\/03\/Depot-de-dons-pour-les-populations-du-Vanuatu.png);\"><a class=\"gb-container-link\" href=\"https:\/\/pacte-grand-sud.nc\/fondation-prony-resources\/actualites\/depot-de-dons-au-vanuatu\/\"><\/a><div class=\"gb-inside-container\">\n<h3 class=\"gb-headline gb-headline-490014c4 gb-headline-text\">D\u00e9p\u00f4t de dons au Vanuatu<\/h3>\n<\/div><\/div><\/div>\n\n<div class=\"gb-grid-column gb-grid-column-5c209818 gb-query-loop-item post-3895 post type-post status-publish format-standard has-post-thumbnail hentry category-actualites category-media\"><div class=\"gb-container gb-container-5c209818\" style=\"--background-image: url(https:\/\/pacte-grand-sud.nc\/fondation-prony-resources\/wp-content\/uploads\/2025\/03\/Mecenat-RINC.jpg);\"><a class=\"gb-container-link\" href=\"https:\/\/pacte-grand-sud.nc\/fondation-prony-resources\/actualites\/mecenat-rinc\/\"><\/a><div class=\"gb-inside-container\">\n<h3 class=\"gb-headline gb-headline-490014c4 gb-headline-text\">M\u00e9c\u00e9nat RINC<\/h3>\n<\/div><\/div><\/div>\n\n<div class=\"gb-grid-column gb-grid-column-5c209818 gb-query-loop-item post-3672 post type-post status-publish format-standard has-post-thumbnail hentry category-actualites category-media\"><div class=\"gb-container gb-container-5c209818\" style=\"--background-image: url(https:\/\/pacte-grand-sud.nc\/fondation-prony-resources\/wp-content\/uploads\/2025\/01\/MARCHE-ECO-SOLIDAIRE-DU-PACTE-DU-GRAND-SUD-2024.jpg);\"><a class=\"gb-container-link\" href=\"https:\/\/pacte-grand-sud.nc\/fondation-prony-resources\/actualites\/marche-eco-solidaire-du-pacte-du-grand-sud-2024\/\"><\/a><div class=\"gb-inside-container\">\n<h3 class=\"gb-headline gb-headline-490014c4 gb-headline-text\">MARCHE ECO-SOLIDAIRE DU PACTE DU GRAND-SUD 2024<\/h3>\n<\/div><\/div><\/div>\n\n<div class=\"gb-grid-column gb-grid-column-5c209818 gb-query-loop-item post-3670 post type-post status-publish format-standard has-post-thumbnail hentry category-actualites category-media\"><div class=\"gb-container gb-container-5c209818\" style=\"--background-image: url(https:\/\/pacte-grand-sud.nc\/fondation-prony-resources\/wp-content\/uploads\/2025\/01\/SPDK-2024.jpg);\"><a class=\"gb-container-link\" href=\"https:\/\/pacte-grand-sud.nc\/fondation-prony-resources\/actualites\/solidarite-aux-populations-de-drubea-kapume-2024spdk\/\"><\/a><div class=\"gb-inside-container\">\n<h3 class=\"gb-headline gb-headline-490014c4 gb-headline-text\">Solidarit\u00e9 aux Populations de Drub\u00e9a Kapum\u00eb 2024(SPDK)<\/h3>\n<\/div><\/div><\/div>\n\n<div class=\"gb-grid-column gb-grid-column-5c209818 gb-query-loop-item post-3668 post type-post status-publish format-standard has-post-thumbnail hentry category-actualites category-media\"><div class=\"gb-container gb-container-5c209818\" style=\"--background-image: url(https:\/\/pacte-grand-sud.nc\/fondation-prony-resources\/wp-content\/uploads\/2025\/01\/Seminaire-des-GTL-2024.jpg);\"><a class=\"gb-container-link\" href=\"https:\/\/pacte-grand-sud.nc\/fondation-prony-resources\/actualites\/seminaire-des-gtl-2024\/\"><\/a><div class=\"gb-inside-container\">\n<h3 class=\"gb-headline gb-headline-490014c4 gb-headline-text\">SEMINAIRE DES GTL 2024<\/h3>\n<\/div><\/div><\/div>\n\n<div class=\"gb-grid-column gb-grid-column-5c209818 gb-query-loop-item post-3666 post type-post status-publish format-standard has-post-thumbnail hentry category-actualites category-media\"><div class=\"gb-container gb-container-5c209818\" style=\"--background-image: url(https:\/\/pacte-grand-sud.nc\/fondation-prony-resources\/wp-content\/uploads\/2025\/01\/TOURNEE-INFO-CHEFFERIES-2024.jpg);\"><a class=\"gb-container-link\" href=\"https:\/\/pacte-grand-sud.nc\/fondation-prony-resources\/actualites\/tournee-dinformation-des-chefferies-2024\/\"><\/a><div class=\"gb-inside-container\">\n<h3 class=\"gb-headline gb-headline-490014c4 gb-headline-text\">TOURNEE D\u2019INFORMATION DES CHEFFERIES 2024<\/h3>\n<\/div><\/div><\/div>\n\n<div class=\"gb-grid-column gb-grid-column-5c209818 gb-query-loop-item post-3664 post type-post status-publish format-standard has-post-thumbnail hentry category-actualites category-media\"><div class=\"gb-container gb-container-5c209818\" style=\"--background-image: url(https:\/\/pacte-grand-sud.nc\/fondation-prony-resources\/wp-content\/uploads\/2025\/01\/GPW-2023-2.jpg);\"><a class=\"gb-container-link\" href=\"https:\/\/pacte-grand-sud.nc\/fondation-prony-resources\/actualites\/grand-prix-wenyoro-2023\/\"><\/a><div class=\"gb-inside-container\">\n<h3 class=\"gb-headline gb-headline-490014c4 gb-headline-text\">GRAND PRIX WENYORO 2023<\/h3>\n<\/div><\/div><\/div>\n<\/div>\n\n<\/div><\/div>\n\n<div class=\"gb-container gb-container-54ac560f\"><div class=\"gb-inside-container\">\n\n<h2 class=\"gb-headline gb-headline-b7b58678 gb-headline-text underlined_title\"><strong>Galerie Vid\u00e9o<\/strong><\/h2>\n\n<\/div><\/div>","protected":false},"excerpt":{"rendered":"<p>Galerie Photo Galerie Vid\u00e9o<\/p>\n","protected":false},"author":1,"featured_media":0,"parent":0,"menu_order":0,"comment_status":"closed","ping_status":"closed","template":"","meta":{"_acf_changed":false,"om_disable_all_campaigns":false,"_monsterinsights_skip_tracking":false,"_monsterinsights_sitenote_active":false,"_monsterinsights_sitenote_note":"","_monsterinsights_sitenote_category":0,"footnotes":""},"categories":[],"class_list":["post-2925","page","type-page","status-publish"],"acf":[],"aioseo_notices":[],"_links":{"self":[{"href":"https:\/\/pacte-grand-sud.nc\/fondation-prony-resources\/wp-json\/wp\/v2\/pages\/2925","targetHints":{"allow":["GET"]}}],"collection":[{"href":"https:\/\/pacte-grand-sud.nc\/fondation-prony-resources\/wp-json\/wp\/v2\/pages"}],"about":[{"href":"https:\/\/pacte-grand-sud.nc\/fondation-prony-resources\/wp-json\/wp\/v2\/types\/page"}],"author":[{"embeddable":true,"href":"https:\/\/pacte-grand-sud.nc\/fondation-prony-resources\/wp-json\/wp\/v2\/users\/1"}],"replies":[{"embeddable":true,"href":"https:\/\/pacte-grand-sud.nc\/fondation-prony-resources\/wp-json\/wp\/v2\/comments?post=2925"}],"version-history":[{"count":53,"href":"https:\/\/pacte-grand-sud.nc\/fondation-prony-resources\/wp-json\/wp\/v2\/pages\/2925\/revisions"}],"predecessor-version":[{"id":3795,"href":"https:\/\/pacte-grand-sud.nc\/fondation-prony-resources\/wp-json\/wp\/v2\/pages\/2925\/revisions\/3795"}],"wp:attachment":[{"href":"https:\/\/pacte-grand-sud.nc\/fondation-prony-resources\/wp-json\/wp\/v2\/media?parent=2925"}],"wp:term":[{"taxonomy":"category","embeddable":true,"href":"https:\/\/pacte-grand-sud.nc\/fondation-prony-resources\/wp-json\/wp\/v2\/categories?post=2925"}],"curies":[{"name":"wp","href":"https:\/\/api.w.org\/{rel}","templated":true}]}}

Galerie Média

<div class="gb-container gb-container-9fabc5d5"><div class="gb-inside-container">
<div class="gb-container gb-container-ef631ec3"><div class="gb-inside-container">
<h1 class="gb-headline gb-headline-c1b11667 gb-headline-text" data-sal="slide-down" data-sal-easing="easeInOutSine" data-sal-duration="700">Galerie Média</h1>
</div></div>
</div></div>

<div class="gb-container gb-container-c1b92edf">
<div class="gb-container gb-container-e87b9674">
<div class="gb-container gb-container-44c7ca84"><div class="gb-inside-container">

<h2 class="gb-headline gb-headline-0e1ae317 gb-headline-text underlined_title"><strong>Galerie Photo</strong></h2>

</div></div>
</div>
</div>

<div class="gb-container gb-container-e4d5ed0d"><div class="gb-inside-container">

<div class="gb-grid-wrapper gb-grid-wrapper-db1eaf14 gb-query-loop-wrapper">
<div class="gb-grid-column gb-grid-column-5c209818 gb-query-loop-item post-4045 post type-post status-publish format-standard hentry category-actualites category-flash-info category-general category-media"><div class="gb-container gb-container-5c209818"><a class="gb-container-link" href="https://pacte-grand-sud.nc/fondation-prony-resources/general/teaser-officiel/"></a><div class="gb-inside-container">
<h3 class="gb-headline gb-headline-490014c4 gb-headline-text">Teaser Officiel</h3>
</div></div></div>

<div class="gb-grid-column gb-grid-column-5c209818 gb-query-loop-item post-3966 post type-post status-publish format-standard has-post-thumbnail hentry category-actualites category-media"><div class="gb-container gb-container-5c209818" style="--background-image: url(https://pacte-grand-sud.nc/fondation-prony-resources/wp-content/uploads/2025/09/540442289_806799558660154_7080638538510782895_n.jpg);"><a class="gb-container-link" href="https://pacte-grand-sud.nc/fondation-prony-resources/actualites/%e2%9d%9d%f0%9d%90%85%f0%9d%90%a8%f0%9d%90%a7%f0%9d%90%9d%f0%9d%90%9a%f0%9d%90%ad%f0%9d%90%a2%f0%9d%90%a8%f0%9d%90%a7-%f0%9d%90%b1-%f0%9d%90%91%f0%9d%90%9e%f0%9d%90%ac%f0%9d%90%9e%f0%9d%90%9a/"></a><div class="gb-inside-container">
<h3 class="gb-headline gb-headline-490014c4 gb-headline-text">❝𝐅𝐨𝐧𝐝𝐚𝐭𝐢𝐨𝐧 𝐱 𝐑𝐞𝐬𝐞𝐚𝐮 𝐈𝐧𝐢𝐭𝐢𝐚𝐭𝐢𝐯𝐞 𝐍𝐂 : 𝐄𝐧𝐭𝐫𝐞 𝐠𝐫𝐚𝐭𝐢𝐭𝐮𝐝𝐞 𝐞𝐭 𝐧𝐨𝐮𝐯𝐞𝐚𝐮𝐱 𝐡𝐨𝐫𝐢𝐳𝐨𝐧𝐬❞</h3>
</div></div></div>

<div class="gb-grid-column gb-grid-column-5c209818 gb-query-loop-item post-3902 post type-post status-publish format-standard has-post-thumbnail hentry category-actualites category-media"><div class="gb-container gb-container-5c209818" style="--background-image: url(https://pacte-grand-sud.nc/fondation-prony-resources/wp-content/uploads/2025/03/Tournee-dInformation-aux-Chefferies-2025.png);"><a class="gb-container-link" href="https://pacte-grand-sud.nc/fondation-prony-resources/actualites/tournee-des-chefferie-2025/"></a><div class="gb-inside-container">
<h3 class="gb-headline gb-headline-490014c4 gb-headline-text">Tournée des chefferie 2025</h3>
</div></div></div>

<div class="gb-grid-column gb-grid-column-5c209818 gb-query-loop-item post-3898 post type-post status-publish format-standard has-post-thumbnail hentry category-actualites category-media"><div class="gb-container gb-container-5c209818" style="--background-image: url(https://pacte-grand-sud.nc/fondation-prony-resources/wp-content/uploads/2025/03/Depot-de-dons-pour-les-populations-du-Vanuatu.png);"><a class="gb-container-link" href="https://pacte-grand-sud.nc/fondation-prony-resources/actualites/depot-de-dons-au-vanuatu/"></a><div class="gb-inside-container">
<h3 class="gb-headline gb-headline-490014c4 gb-headline-text">Dépôt de dons au Vanuatu</h3>
</div></div></div>

<div class="gb-grid-column gb-grid-column-5c209818 gb-query-loop-item post-3895 post type-post status-publish format-standard has-post-thumbnail hentry category-actualites category-media"><div class="gb-container gb-container-5c209818" style="--background-image: url(https://pacte-grand-sud.nc/fondation-prony-resources/wp-content/uploads/2025/03/Mecenat-RINC.jpg);"><a class="gb-container-link" href="https://pacte-grand-sud.nc/fondation-prony-resources/actualites/mecenat-rinc/"></a><div class="gb-inside-container">
<h3 class="gb-headline gb-headline-490014c4 gb-headline-text">Mécénat RINC</h3>
</div></div></div>

<div class="gb-grid-column gb-grid-column-5c209818 gb-query-loop-item post-3672 post type-post status-publish format-standard has-post-thumbnail hentry category-actualites category-media"><div class="gb-container gb-container-5c209818" style="--background-image: url(https://pacte-grand-sud.nc/fondation-prony-resources/wp-content/uploads/2025/01/MARCHE-ECO-SOLIDAIRE-DU-PACTE-DU-GRAND-SUD-2024.jpg);"><a class="gb-container-link" href="https://pacte-grand-sud.nc/fondation-prony-resources/actualites/marche-eco-solidaire-du-pacte-du-grand-sud-2024/"></a><div class="gb-inside-container">
<h3 class="gb-headline gb-headline-490014c4 gb-headline-text">MARCHE ECO-SOLIDAIRE DU PACTE DU GRAND-SUD 2024</h3>
</div></div></div>

<div class="gb-grid-column gb-grid-column-5c209818 gb-query-loop-item post-3670 post type-post status-publish format-standard has-post-thumbnail hentry category-actualites category-media"><div class="gb-container gb-container-5c209818" style="--background-image: url(https://pacte-grand-sud.nc/fondation-prony-resources/wp-content/uploads/2025/01/SPDK-2024.jpg);"><a class="gb-container-link" href="https://pacte-grand-sud.nc/fondation-prony-resources/actualites/solidarite-aux-populations-de-drubea-kapume-2024spdk/"></a><div class="gb-inside-container">
<h3 class="gb-headline gb-headline-490014c4 gb-headline-text">Solidarité aux Populations de Drubéa Kapumë 2024(SPDK)</h3>
</div></div></div>

<div class="gb-grid-column gb-grid-column-5c209818 gb-query-loop-item post-3668 post type-post status-publish format-standard has-post-thumbnail hentry category-actualites category-media"><div class="gb-container gb-container-5c209818" style="--background-image: url(https://pacte-grand-sud.nc/fondation-prony-resources/wp-content/uploads/2025/01/Seminaire-des-GTL-2024.jpg);"><a class="gb-container-link" href="https://pacte-grand-sud.nc/fondation-prony-resources/actualites/seminaire-des-gtl-2024/"></a><div class="gb-inside-container">
<h3 class="gb-headline gb-headline-490014c4 gb-headline-text">SEMINAIRE DES GTL 2024</h3>
</div></div></div>

<div class="gb-grid-column gb-grid-column-5c209818 gb-query-loop-item post-3666 post type-post status-publish format-standard has-post-thumbnail hentry category-actualites category-media"><div class="gb-container gb-container-5c209818" style="--background-image: url(https://pacte-grand-sud.nc/fondation-prony-resources/wp-content/uploads/2025/01/TOURNEE-INFO-CHEFFERIES-2024.jpg);"><a class="gb-container-link" href="https://pacte-grand-sud.nc/fondation-prony-resources/actualites/tournee-dinformation-des-chefferies-2024/"></a><div class="gb-inside-container">
<h3 class="gb-headline gb-headline-490014c4 gb-headline-text">TOURNEE D’INFORMATION DES CHEFFERIES 2024</h3>
</div></div></div>

<div class="gb-grid-column gb-grid-column-5c209818 gb-query-loop-item post-3664 post type-post status-publish format-standard has-post-thumbnail hentry category-actualites category-media"><div class="gb-container gb-container-5c209818" style="--background-image: url(https://pacte-grand-sud.nc/fondation-prony-resources/wp-content/uploads/2025/01/GPW-2023-2.jpg);"><a class="gb-container-link" href="https://pacte-grand-sud.nc/fondation-prony-resources/actualites/grand-prix-wenyoro-2023/"></a><div class="gb-inside-container">
<h3 class="gb-headline gb-headline-490014c4 gb-headline-text">GRAND PRIX WENYORO 2023</h3>
</div></div></div>
</div>

</div></div>

<div class="gb-container gb-container-54ac560f"><div class="gb-inside-container">

<h2 class="gb-headline gb-headline-b7b58678 gb-headline-text underlined_title"><strong>Galerie Vidéo</strong></h2>

</div></div>

<p>Galerie Photo Galerie Vidéo</p>
