{"id":305,"date":"2022-09-06T13:33:53","date_gmt":"2022-09-06T02:33:53","guid":{"rendered":"https:\/\/pacte-grand-sud.nc\/fondation-prony-resources\/?page_id=305"},"modified":"2025-07-09T14:15:47","modified_gmt":"2025-07-09T03:15:47","slug":"nos-missions-dans-laire-drubea-kapume","status":"publish","type":"page","link":"https:\/\/pacte-grand-sud.nc\/fondation-prony-resources\/presentation\/nos-missions-dans-laire-drubea-kapume\/","title":{"rendered":"Nos missions dans l&rsquo;aire Drubea-Kapum\u00eb"},"content":{"rendered":"<div class=\"gb-container gb-container-9fabc5d5\"><div class=\"gb-inside-container\">\n<div class=\"gb-container gb-container-ef631ec3\"><div class=\"gb-inside-container\">\n\n<h1 class=\"gb-headline gb-headline-c1b11667 gb-headline-text\">Nos <br>missions <br>dans l&rsquo;aire <br><strong>Drubea-Kapum\u00eb<\/strong><\/h1>\n\n<\/div><\/div>\n<\/div><\/div>\n\n<div class=\"gb-container gb-container-686afdd3\"><div class=\"gb-inside-container\">\n<div class=\"gb-grid-wrapper gb-grid-wrapper-d8315cfb\">\n<div class=\"gb-grid-column gb-grid-column-d0a4b3e5\"><div class=\"gb-container gb-container-d0a4b3e5\"><a class=\"gb-container-link\" href=\"\/fondation-prony-resources\/presentation\/mieux-connaitre-la-fondation-xere-prony-resources\/\"><\/a><div class=\"gb-inside-container\">\n\n<p class=\"gb-headline gb-headline-a822a0f4 gb-headline-text\">Qui <br>sommes-nous ?<\/p>\n\n<\/div><\/div><\/div>\n\n<div class=\"gb-grid-column gb-grid-column-f3a1e8aa\"><div class=\"gb-container gb-container-f3a1e8aa\"><a class=\"gb-container-link\" href=\"\/fondation-prony-resources\/presentation\/nos-missions-dans-laire-drubea-kapume\/\"><\/a><div class=\"gb-inside-container\">\n\n<p class=\"gb-headline gb-headline-b5704be9 gb-headline-text\">Nos <strong>missions <\/strong><br>dans l&rsquo;aire Drub\u00e9a-Kapum\u00e9<\/p>\n\n<\/div><\/div><\/div>\n<\/div>\n<\/div><\/div>\n\n<div class=\"gb-container gb-container-9c99a6f4\"><div class=\"gb-inside-container\">\n\n<h2 class=\"gb-headline gb-headline-6162227d gb-headline-text underlined_title\">Nos missions dans l&rsquo;aire Drubea-Kapum\u00eb<\/h2>\n\n\n\n<p class=\"gb-headline gb-headline-cdeec486 gb-headline-text\">La Fondation intervient dans les domaines :<\/p>\n\n\n<div class=\"gb-grid-wrapper gb-grid-wrapper-fd823f00\">\n<div class=\"gb-grid-column gb-grid-column-fe62e72d\"><div class=\"gb-container gb-container-fe62e72d picto_container\" data-sal=\"slide-up\" data-sal-easing=\"easeInOutSine\" data-sal-duration =\"600\t\"><div class=\"gb-inside-container\">\n\n<figure class=\"gb-block-image gb-block-image-9e798ecf\"><img loading=\"lazy\" decoding=\"async\" width=\"100\" height=\"100\" class=\"gb-image gb-image-9e798ecf picto\" src=\"https:\/\/pacte-grand-sud.nc\/fondation-prony-resources\/wp-content\/uploads\/2022\/12\/socio-culturel.png\" alt=\"\" title=\"socio-culturel\"\/><\/figure>\n\n\n\n<h3 class=\"gb-headline gb-headline-73b054a1 gb-headline-text\">Socio-culturel<\/h3>\n\n\n\n<p class=\"has-text-align-center has-contrast-color has-text-color\">Le d\u00e9veloppement d\u2019actions sociales et culturelles <br>Le d\u00e9veloppement de formation et d\u2019\u00e9ducation<\/p>\n\n<\/div><\/div><\/div>\n\n<div class=\"gb-grid-column gb-grid-column-467105d7\"><div class=\"gb-container gb-container-467105d7 picto_container\" data-sal=\"slide-up\" data-sal-easing=\"easeInOutSine\" data-sal-duration=\"600\" data-sal-delay=\"100\"><div class=\"gb-inside-container\">\n\n<figure class=\"gb-block-image gb-block-image-c2a9f748\"><img loading=\"lazy\" decoding=\"async\" width=\"100\" height=\"100\" class=\"gb-image gb-image-c2a9f748 picto\" src=\"https:\/\/pacte-grand-sud.nc\/fondation-prony-resources\/wp-content\/uploads\/2022\/12\/environnemental.png\" alt=\"\" title=\"environnemental\"\/><\/figure>\n\n\n\n<h3 class=\"gb-headline gb-headline-04b5da17 gb-headline-text\">Environnemental<\/h3>\n\n\n\n<p class=\"has-text-align-center has-contrast-color has-text-color\">Le d\u00e9veloppement d\u2019actions pour la protection de l\u2019environnement \u00e9conomique<\/p>\n\n<\/div><\/div><\/div>\n\n<div class=\"gb-grid-column gb-grid-column-91350222\"><div class=\"gb-container gb-container-91350222 picto_container\" data-sal=\"slide-up\" data-sal-easing=\"easeInOutSine\" data-sal-duration=\"600\t\" data-sal-delay=\"200\"><div class=\"gb-inside-container\">\n\n<figure class=\"gb-block-image gb-block-image-a6185c24\"><img loading=\"lazy\" decoding=\"async\" width=\"100\" height=\"100\" class=\"gb-image gb-image-a6185c24 picto\" src=\"https:\/\/pacte-grand-sud.nc\/fondation-prony-resources\/wp-content\/uploads\/2022\/12\/Economique.png\" alt=\"\" title=\"Economique\"\/><\/figure>\n\n\n\n<h3 class=\"gb-headline gb-headline-831a7579 gb-headline-text\">\u00c9conomique<\/h3>\n\n\n\n<p class=\"has-text-align-center has-contrast-color has-text-color\">Le d\u00e9veloppement d\u2019actions \u00e9conomiques non li\u00e9es aux op\u00e9rations mini\u00e8res mais engag\u00e9es dans un souci de d\u00e9veloppement durable <br>Tout autre initiative contribuant au d\u00e9veloppement durable et participatif<\/p>\n\n<\/div><\/div><\/div>\n<\/div>\n<\/div><\/div>\n\n<div class=\"gb-container gb-container-0170b9bd\"><div class=\"gb-inside-container\"><\/div><\/div>\n\n<div class=\"gb-container gb-container-b4ab1fbf\"><div class=\"gb-inside-container\">\n\n<h2 class=\"gb-headline gb-headline-ac72668a gb-headline-text underlined_title\">Nos ressources <\/h2>\n\n\n<div class=\"gb-container gb-container-7096aa33\"><div class=\"gb-inside-container\">\n<div class=\"gb-grid-wrapper gb-grid-wrapper-7d65f8dd\">\n<div class=\"gb-grid-column gb-grid-column-2e166ab3\"><div class=\"gb-container gb-container-2e166ab3\" data-sal=\"slide-right\" data-sal-easing=\"easeInOutSine\" data-sal-duration=\"600\"><div class=\"gb-inside-container\">\n\n<h3 class=\"gb-headline gb-headline-26740df3 gb-headline-text\"><strong>Budget principal <\/strong><br><strong>de la Fondation du Pacte<\/strong><\/h3>\n\n\n\n<p>640 millions FCFP pour les 5 premi\u00e8res ann\u00e9es <br>Ensuite, 160 millions FCFP par an (pourra \u00eatre abond\u00e9e d\u2019une part selon les performances de Vale Nouvelle-Cal\u00e9donie et d\u00e9sormais de PRNC)<\/p>\n\n<\/div><\/div><\/div>\n\n<div class=\"gb-grid-column gb-grid-column-b7d998f0\"><div class=\"gb-container gb-container-b7d998f0\" data-sal=\"slide-left\" data-sal-easing=\"easeInOutSine\" data-sal-duration=\"600\" data-sal-delay=\"100\"><div class=\"gb-inside-container\">\n\n<h3 class=\"gb-headline gb-headline-04322889 gb-headline-text\"><strong>Autres ressources <\/strong><br><strong>potentielles<\/strong><\/h3>\n\n\n\n<p>Dotation des salari\u00e9s de l\u2019entreprise fondatrice<br>Subvention publique<br>Produit de r\u00e9tribution pour service rendu<\/p>\n\n<\/div><\/div><\/div>\n<\/div>\n<\/div><\/div>\n<\/div><\/div>\n\n<div class=\"gb-container gb-container-5759a24e\"><div class=\"gb-inside-container\">\n\n<h2 class=\"gb-headline gb-headline-e3f674ba gb-headline-text underlined_title\">La composition du <strong>Conseil d&rsquo;administration<\/strong><\/h2>\n\n<\/div><\/div>\n\n<div class=\"gb-container gb-container-9ca7f668\"><div class=\"gb-inside-container\">\n<div class=\"gb-grid-wrapper gb-grid-wrapper-1f912401\">\n<div class=\"gb-grid-column gb-grid-column-6922080a\"><div class=\"gb-container gb-container-6922080a\" data-sal=\"slide-up\" data-sal-easing=\"easeInOutSine\" data-sal-duration=\"600\"><div class=\"gb-inside-container\">\n<div class=\"gb-container gb-container-7c010307\"><div class=\"gb-inside-container\">\n\n<p class=\"has-text-align-center bloc-chiffre \"><strong>Repr\u00e9sentants<br> de la Direction g\u00e9n\u00e9rale <br>de Prony Resources NC<\/strong><\/p>\n\n<\/div><\/div>\n\n<div class=\"gb-container gb-container-9bc93f57\"><div class=\"gb-inside-container\">\n\n<p class=\"has-text-align-center bloc-chiffre \">MAKOWSKI Laurence<br>VAKIE Charles <br><\/p>\n\n<\/div><\/div>\n<\/div><\/div><\/div>\n\n<div class=\"gb-grid-column gb-grid-column-9c1ea725\"><div class=\"gb-container gb-container-9c1ea725\" data-sal=\"slide-up\" data-sal-easing=\"easeInOutSine\" data-sal-duration=\"600\t\" data-sal-delay=\"100\"><div class=\"gb-inside-container\">\n<div class=\"gb-container gb-container-f543e1b8\"><div class=\"gb-inside-container\">\n\n<p class=\"has-text-align-center bloc-chiffre \"><strong>Repr\u00e9sentants <br>du personnel de <br>Prony Resources NC<\/strong><\/p>\n\n<\/div><\/div>\n\n<div class=\"gb-container gb-container-7ced9fe3\"><div class=\"gb-inside-container\">\n\n<p class=\"has-text-align-center\">TAUA Hortense <br>VAYSSIERE Jonathan<\/p>\n\n<\/div><\/div>\n<\/div><\/div><\/div>\n\n<div class=\"gb-grid-column gb-grid-column-ce0a4b25\"><div class=\"gb-container gb-container-ce0a4b25\" data-sal=\"slide-up\" data-sal-easing\t=\"easeInOutSine\" data-sal-duration=\"600\t\" data-sal-delay =\"200\"><div class=\"gb-inside-container\">\n<div class=\"gb-container gb-container-52c49522\"><div class=\"gb-inside-container\">\n\n<p class=\"has-text-align-center bloc-chiffre \"><strong>Repr\u00e9sentants<br>du coll\u00e8ge des S\u00e9nateurs<\/strong><br><\/p>\n\n<\/div><\/div>\n\n<div class=\"gb-container gb-container-9a3858c9\"><div class=\"gb-inside-container\">\n\n<p class=\"has-text-align-center\">GAIA Ang\u00e9lique<br>WADECLA Ang\u00e9lique<\/p>\n\n<\/div><\/div>\n<\/div><\/div><\/div>\n\n<div class=\"gb-grid-column gb-grid-column-c5fa33f4\"><div class=\"gb-container gb-container-c5fa33f4\" data-sal=\"slide-up\" data-sal-easing=\"easeInOutSine\" data-sal-duration=\"600\t\" data-sal-delay =\"300\"><div class=\"gb-inside-container\">\n<div class=\"gb-container gb-container-a648b36f\"><div class=\"gb-inside-container\">\n\n<p class=\"has-text-align-center bloc-chiffre \"><strong>Repr\u00e9sentants du coll\u00e8ge<br> du Conseil Coutumier <br>de Drub\u00e9a Kapum\u00eb<\/strong><\/p>\n\n<\/div><\/div>\n\n<div class=\"gb-container gb-container-8c1b02bd\"><div class=\"gb-inside-container\">\n\n<p class=\"has-text-align-center\">TINDAO John <br>WAMYTAN Marie Rock Joseph<\/p>\n\n<\/div><\/div>\n<\/div><\/div><\/div>\n\n<div class=\"gb-grid-column gb-grid-column-d06dea89\"><div class=\"gb-container gb-container-d06dea89\" data-sal=\"slide-up\" data-sal-easing=\"easeInOutSine\" data-sal-duration=\"600\t\" data-sal-delay =\"400\"><div class=\"gb-inside-container\">\n<div class=\"gb-container gb-container-91cc26ce\"><div class=\"gb-inside-container\">\n\n<p class=\"has-text-align-center bloc-chiffre \"><strong>Repr\u00e9sentant <br>du coll\u00e8ge Chefferies<\/strong><\/p>\n\n<\/div><\/div>\n\n<div class=\"gb-container gb-container-091b1b16\"><div class=\"gb-inside-container\">\n\n<p class=\"has-text-align-center bloc-chiffre \">AKOUGNI Fran\u00e7ois Xavier<br>KAATEU Maurice<\/p>\n\n<\/div><\/div>\n<\/div><\/div><\/div>\n\n<div class=\"gb-grid-column gb-grid-column-bdcbaa5c\"><div class=\"gb-container gb-container-bdcbaa5c\" data-sal=\"slide-up\" data-sal-easing=\"easeInOutSine\" data-sal-duration=\"600\t\" data-sal-delay =\"500\"><div class=\"gb-inside-container\">\n<div class=\"gb-container gb-container-fea12d32\"><div class=\"gb-inside-container\">\n\n<p class=\"has-text-align-center bloc-chiffre \"><strong>Repr\u00e9sentation <br>du Comit\u00e9 Rh\u00e9\u00e9bu N\u00f9\u00f9<\/strong><\/p>\n\n<\/div><\/div>\n\n<div class=\"gb-container gb-container-bea7ff6d\"><div class=\"gb-inside-container\">\n\n<p class=\"has-text-align-center\">VAMA Andr\u00e9<br>TARA Lambert<\/p>\n\n<\/div><\/div>\n<\/div><\/div><\/div>\n<\/div>\n<\/div><\/div>\n\n<div class=\"gb-container gb-container-1b4a7d52\"><div class=\"gb-inside-container\">\n\n<h2 class=\"gb-headline gb-headline-85aea91a gb-headline-text underlined_title\"><strong>R\u00f4le des instances <\/strong>de la Fondation d&rsquo;entreprise<\/h2>\n\n\n\n<figure class=\"gb-block-image gb-block-image-cb90d5c9\"><img loading=\"lazy\" decoding=\"async\" width=\"1098\" height=\"636\" class=\"gb-image gb-image-cb90d5c9\" src=\"https:\/\/pacte-grand-sud.nc\/fondation-prony-resources\/wp-content\/uploads\/2022\/12\/tableau.png\" alt=\"\" title=\"tableau\" srcset=\"https:\/\/pacte-grand-sud.nc\/fondation-prony-resources\/wp-content\/uploads\/2022\/12\/tableau.png 1098w, https:\/\/pacte-grand-sud.nc\/fondation-prony-resources\/wp-content\/uploads\/2022\/12\/tableau-300x174.png 300w, https:\/\/pacte-grand-sud.nc\/fondation-prony-resources\/wp-content\/uploads\/2022\/12\/tableau-1024x593.png 1024w, https:\/\/pacte-grand-sud.nc\/fondation-prony-resources\/wp-content\/uploads\/2022\/12\/tableau-768x445.png 768w\" sizes=\"auto, (max-width: 1098px) 100vw, 1098px\" \/><\/figure>\n\n<\/div><\/div>","protected":false},"excerpt":{"rendered":"<p>Nos missions dans l&rsquo;aire Drubea-Kapum\u00eb Nos missions dans l&rsquo;aire Drubea-Kapum\u00eb La Fondation intervient dans les domaines : Nos ressources La composition du Conseil d&rsquo;administration R\u00f4le des instances de la Fondation d&rsquo;entreprise<\/p>\n","protected":false},"author":1,"featured_media":0,"parent":240,"menu_order":2,"comment_status":"closed","ping_status":"closed","template":"","meta":{"_acf_changed":false,"om_disable_all_campaigns":false,"_monsterinsights_skip_tracking":false,"_monsterinsights_sitenote_active":false,"_monsterinsights_sitenote_note":"","_monsterinsights_sitenote_category":0,"footnotes":""},"categories":[],"class_list":["post-305","page","type-page","status-publish"],"acf":[],"aioseo_notices":[],"_links":{"self":[{"href":"https:\/\/pacte-grand-sud.nc\/fondation-prony-resources\/wp-json\/wp\/v2\/pages\/305","targetHints":{"allow":["GET"]}}],"collection":[{"href":"https:\/\/pacte-grand-sud.nc\/fondation-prony-resources\/wp-json\/wp\/v2\/pages"}],"about":[{"href":"https:\/\/pacte-grand-sud.nc\/fondation-prony-resources\/wp-json\/wp\/v2\/types\/page"}],"author":[{"embeddable":true,"href":"https:\/\/pacte-grand-sud.nc\/fondation-prony-resources\/wp-json\/wp\/v2\/users\/1"}],"replies":[{"embeddable":true,"href":"https:\/\/pacte-grand-sud.nc\/fondation-prony-resources\/wp-json\/wp\/v2\/comments?post=305"}],"version-history":[{"count":139,"href":"https:\/\/pacte-grand-sud.nc\/fondation-prony-resources\/wp-json\/wp\/v2\/pages\/305\/revisions"}],"predecessor-version":[{"id":3944,"href":"https:\/\/pacte-grand-sud.nc\/fondation-prony-resources\/wp-json\/wp\/v2\/pages\/305\/revisions\/3944"}],"up":[{"embeddable":true,"href":"https:\/\/pacte-grand-sud.nc\/fondation-prony-resources\/wp-json\/wp\/v2\/pages\/240"}],"wp:attachment":[{"href":"https:\/\/pacte-grand-sud.nc\/fondation-prony-resources\/wp-json\/wp\/v2\/media?parent=305"}],"wp:term":[{"taxonomy":"category","embeddable":true,"href":"https:\/\/pacte-grand-sud.nc\/fondation-prony-resources\/wp-json\/wp\/v2\/categories?post=305"}],"curies":[{"name":"wp","href":"https:\/\/api.w.org\/{rel}","templated":true}]}}